- 13*x**2 + 4*x + 13. Determine a(6).
1
Let t(q) = 7*q - 35. Calculate t(8).
21
Let m(f) = -f**3 - 2*f**2 - 10*f - 20. Give m(-4).
52
Let q(z) = z**3 - 7*z**2 - 11*z + 11. What is q(8)?
-13
Let k(t) = -6*t - 6. Give k(2).
-18
Let g(m) = -3*m - 32. Give g(-8).
-8
Let y(b) = -b**3 + 6*b**2 + b - 3. Give y(3).
27
Let o(s) = s**3 + 24*s + 48. Give o(-2).
-8
Let y(v) = -v**2 - 10*v + 1. What is y(4)?
-55
Let w(f) = -f**3 - 8*f**2 - 9*f - 7. Determine w(-6).
-25
Let c(k) = k**3 + 29*k**2 - 33*k - 59. Calculate c(-30).
31
Let t(r) = -r**2 - 8*r + 4. Determine t(-9).
-5
Let s(d) = 3*d + 6. Calculate s(-3).
-3
Let d(v) = -8*v**3 + v**2 - v. What is d(1)?
-8
Let x(v) = -5*v + 12. What is x(9)?
-33
Let d(y) = y**2 - 9*y + 13. Give d(3).
-5
Let s(t) = -t**3 + 5*t**2 - 4*t + 23. Calculate s(5).
3
Let j(i) = -i**3 - 12*i**2 + 14*i + 16. What is j(-13)?
3
Let n(b) = b**2 - b. Calculate n(-1).
2
Let g(l) = 2*l + 2. Give g(4).
10
Let g(z) = -3*z**2 - 98*z + 130. Calculate g(-34).
-6
Let r(f) = 3*f - 7. Determine r(3).
2
Let x(v) = v**3 - 3*v**2 + 10*v - 16. What is x(3)?
14
Let b(y) = -3*y + 1. Calculate b(-2).
7
Let f(o) = -3*o - 1. Calculate f(3).
-10
Let h(b) = 25*b - 97. Calculate h(4).
3
Let h(q) = -2*q + 13. Determine h(6).
1
Let f(b) = b**3 - 5*b**2 - 6*b + 2. Give f(5).
-28
Let l(j) = 63*j - 4. Calculate l(1).
59
Let c(q) = 2*q**3 - 3*q**2 + 2*q - 14. Determine c(4).
74
Let h(j) = -124*j - 866. Determine h(-7).
2
Let b(m) = -7*m + 15. Calculate b(2).
1
Let p(f) = -f**2 - 14*f - 20. Calculate p(-13).
-7
Let m(u) = 3*u - 6. Calculate m(5).
9
Let m(t) = -2*t - 59. Calculate m(-6).
-47
Let b(s) = s**2 + 10*s + 2. Calculate b(-4).
-22
Let h(y) = -y**2 + 15*y + 7. Determine h(12).
43
Let h(y) = -y**2 - 16*y - 58. Determine h(-10).
2
Let l(g) = 7*g - 22. Calculate l(4).
6
Let c(s) = -s + 4. Calculate c(7).
-3
Let g(r) = -r**3 + 8*r**2 - 9*r + 2. Calculate g(7).
-12
Let p(z) = z**3 - 40*z**2 - 276*z - 4. Calculate p(46).
-4
Let v(l) = l**3 + l + 1. Determine v(-2).
-9
Let t(h) = 2*h**3 - 137*h**2 - 68*h - 62. What is t(69)?
7
Let v(c) = 7*c**2 + 3*c + 2. Calculate v(-1).
6
Let a(v) = -v**3 - 4*v**2 + v - 6. What is a(-6)?
60
Let x(y) = -y**3 - 12*y**2 + 2*y + 26. What is x(-12)?
2
Let l(p) = -p**2 - 10*p - 7. Give l(5).
-82
Let c(q) = -2*q**2 + 27*q + 15. Give c(13).
28
Let i(a) = -a - 6. Give i(-6).
0
Let m(g) = -g**2 - 7*g + 10. Calculate m(-11).
-34
Let l(p) = p**3 + 20*p**2 + 20*p + 34. Give l(-19).
15
Let t(z) = z**3 - 5*z**2 + 2. Calculate t(5).
2
Let z(q) = -17*q - 148. Determine z(-9).
5
Let g(l) = -8*l + 34. What is g(5)?
-6
Let b(g) = -g**3 + 7*g**2 + 7*g - 8. Determine b(8).
-16
Let d(q) = -q**3 + 16*q**2 + 20*q - 41. Calculate d(17).
10
Let b(h) = -h**2 + 7*h + 1. Give b(7).
1
Let m(o) = 2*o**2 - 3*o - 11. Calculate m(4).
9
Let k(o) = o**3 - 6*o**2 - 3*o + 5. What is k(4)?
-39
Let l(f) = f**3 + 3*f**2 + 4*f + 4. What is l(-3)?
-8
Let o(v) = v + 1. Give o(-6).
-5
Let k(a) = -a**3 + 3*a**2 + 10*a - 5. Give k(6).
-53
Let r(w) = -w + 33. Calculate r(10).
23
Let u(a) = 4*a**2 - a - 1. Give u(-1).
4
Let d(u) = -41*u - 570. Give d(-14).
4
Let n(k) = 3*k**2 - 19*k + 11. Calculate n(6).
5
Let b(h) = h**2 + h - 24. Determine b(0).
-24
Let p(v) = 8*v**2 + 3*v + 2. Calculate p(-1).
7
Let l(o) = -o**3 - 10*o**2 + 38*o - 4. Determine l(-13).
9
Let y(v) = -v**2 - 6*v + 4. Determine y(-3).
13
Let i(l) = l**2 + 14*l - 5. Determine i(-12).
-29
Let t(i) = -i**3 + 7*i**2 + 2. Determine t(7).
2
Let c(q) = -q**3 + 7*q**2 - 3*q + 10. What is c(7)?
-11
Let z(p) = -12*p**3 - 4*p**2 + p + 3. Give z(2).
-107
Let n(s) = 7*s - 7. What is n(4)?
21
Let k(q) = -q**3 + q**2 + 3*q + 2. Calculate k(-1).
1
Let r(g) = 6*g - 65. Calculate r(14).
19
Let z(v) = -v**2 + 6*v - 7. Determine z(3).
2
Let p(q) = -5*q**2 + 13*q - 4. What is p(5)?
-64
Let z(a) = 17*a**2 + a + 1. Determine z(-2).
67
Let x(a) = a**2 - 6*a - 19. What is x(8)?
-3
Let o(n) = -2*n**3 + 4*n**2 + n - 4. What is o(3)?
-19
Let j(p) = -p**2 + 12*p + 1. Determine j(12).
1
Let u(m) = -m**2 + 14*m - 3. Calculate u(13).
10
Let m(t) = -t**2 - 4*t + 8. What is m(-6)?
-4
Let c(u) = u - 28. What is c(17)?
-11
Let a(u) = -u**2 - 11*u - 1. What is a(-12)?
-13
Let r(v) = -v**3 - 2*v + 2. Determine r(2).
-10
Let h(m) = 11*m + 57. Determine h(-7).
-20
Let f(t) = t**3 - 3*t**2 + 6*t - 7. Calculate f(3).
11
Let p(h) = -h**3 + h**2 + 2*h + 16. Calculate p(4).
-24
Let f(s) = s**2 + 3*s + 34. Give f(-8).
74
Let x(r) = -r**3 + 10*r**2 + r + 1. Calculate x(3).
67
Let o(s) = 11*s**2 + 50*s - 2. Give o(-5).
23
Let v(d) = 21*d - 483. What is v(23)?
0
Let w(s) = -s**3 + 25*s**2 - 3*s + 77. Give w(25).
2
Let x(q) = q**3 + 6*q**2 + 8*q + 6. Determine x(-5).
-9
Let o(s) = s**2 - 12*s + 17. What is o(12)?
17
Let n(v) = -v**3 - 10*v**2 - 7*v + 8. Calculate n(-9).
-10
Let p(d) = -6*d - 15. What is p(-12)?
57
Let t(q) = -16*q + 4. Calculate t(-3).
52
Let d(t) = -t**3 - 4*t**2 + 4*t - 3. Determine d(2).
-19
Let w(q) = 2*q - 17. What is w(7)?
-3
Let i(o) = -11*o + 200. What is i(18)?
2
Let u(k) = 14*k - 118. Calculate u(8).
-6
Let y(c) = -c + 3. Calculate y(-4).
7
Let f(g) = g**3 + 6*g**2 - 3*g - 5. Give f(-6).
13
Let n(u) = -4*u + 23. Calculate n(6).
-1
Let j(v) = -v**3 - 6*v**2 + 10*v + 12. Calculate j(-7).
-9
Let j(k) = -k**3 - 14*k**2 - 11*k + 19. Give j(-13).
-7
Let t(w) = w**2 + 9*w - 17. Give t(-13).
35
Let t(y) = -8*y - 8. What is t(6)?
-56
Let r(v) = 2*v**2 - 4*v - 7. Determine r(3).
-1
Let k(d) = 28*d - 18. Give k(0).
-18
Let z(b) = -3*b**2 + 48*b - 10. Determine z(14).
74
Let w(v) = 2*v - 26. Determine w(7).
-12
Let s(v) = v + 17. What is s(-14)?
3
Let q(l) = 18*l**2 + 5*l - 3. Calculate q(-2).
59
Let j(k) = 7*k + 1. Give j(1).
8
Let y(x) = x + 12. Determine y(-17).
-5
Let o(v) = 2*v**3 + 6*v**2 + 5*v + 1. Determine o(-3).
-14
Let p(y) = 6*y - 35. What is p(3)?
-17
Let k(b) = -2*b**3 + 6*b**2 - 7*b + 16. What is k(3)?
-5
Let p(a) = -a**2 + 11*a - 2. What is p(11)?
-2
Let z(r) = -r**3 + 2*r**2 - r + 2. Calculate z(0).
2
Let r(u) = u**2 + 4*u + 5. What is r(-4)?
5
Let m(j) = -j**3 + 17*j**2 - 5*j + 74. Determine m(17).
-11
Let w(b) = -b**2 + 2*b + 12. What is w(4)?
4
Let o(z) = -z**3 - 12*z**2 + 32*z + 34. What is o(-14)?
-22
Let q(h) = h**2 - h - 25. Determine q(6).
5
Let m(x) = 2*x - 3. Determine m(3).
3
Let a(k) = -4*k - 27. What is a(-7)?
1
Let v(x) = -x**3 + 8*x**2 + 7*x - 4. Calculate v(9).
-22
Let l(w) = -29*w**2 + 13*w + 12. Calculate l(-1).
-30
Let p(r) = -12*r**3 - r**2 - 2*r. Give p(-1).
13
Let r(g) = -g - 7. Calculate r(-4).
-3
Let d(g) = 2*g**2 - 2*g + 14. Calculate d(5).
54
Let w(g) = g - 10. What is w(11)?
1
Let w(q) = 2*q - 5. What is w(-2)?
-9
Let y(s) = -s**2 + 5*s + 21. What is y(9)?
-15
Let p(t) = -t**2 + 14*t - 34. What is p(10)?
6
Let u(c) = -26*c**3 - 2*c**2 + 3*c - 2. What is u(1)?
-27
Let g(m) = 22*m - 121. Calculate g(6).
11
Let u(t) = t**2 + 3. Calculate u(-3).
12
Let b(o) = o**3 - 9*o**2 + 9*o - 12. What is b(8)?
-4
Let k(o) = 2*o + 16. What is k(-11)?
-6
Let b(j) = j**3 - 11*j**2 + 9*j - 9. Determine b(10).
-19
Let f(k) = -k**3 + 3*k**2 + 18*k + 3. What is f(6)?
3
Let m(l) = -l**3 + 9*l**2 - 8*l - 10. What is m(5)?
50
Let q(v) = 10*v - 5. Calculate q(1).
5
Let b(m) = -m**3 + 3*m**2 + 4*m - 9. Determine b(4).
-9
Let r(p) = -2*p - 8. Calculate r(-7).
6
Let i(n) = -n**3 + 15*n**2 + n - 17. Give i(15).
-2
Let w(o) = 2*o**3 + 1. Determine w(0).
1
Let q(s) = 4*s**2 - 11*s - 2. What is q(-3)?
67
Let u(c) = 3*c - 36. Give u(28).
48
Let z(s) = -17*s + 34. Determine z(7).
-85
Let d(z) = 2*z**3 - 3*z**2 - 4*z - 2. Calculate d(-2).
-22
Let a(p) = 18*p - 14. Give a(-5).
-104
Let s(c) = -c**3 + 7*c**2 + 9*c - 6. Calculate s(8).
2
Let z(b) = -b**2 + 17*b. Give z(17).
0
Let v(n) = n**2 + 17*n + 15. Calculate v(-16).
-1
Let b(d) = 6*d**3 - 126*d**2 + 7. Determine b(21).
7
Let m(b) = 2*b**2 - 17*b - 26. Determine m(11).
29
Let f(z) = -2*z**2 + z - 3. Determine f(6).
-69
Let l(j) = -8*j**2 - j + 2. Determine l(2).
-32
Let w(r) = 4*r**2 - 5*r + 4. Calculate w(2).
10
Let x(l) = l - 25. Give x(0).
-25
Let b(d) = 20*d + 1. Give b(1).
21
Let p(a) = 2*a**2 - 9*a - 14. Give p(6).
4
Let y(g) = g**2 - 5*g + 5. Give y(5).
5
Let t(b) = -b**3 - 12*b**2 - 11. Give t(-12).
-11
Let y(k) = k**2 - 11*k + 9. What is y(7)?
-19
Let i(z) = -z**3 + 7*z*